{"id":5,"date":"2020-06-15T11:57:43","date_gmt":"2020-06-15T11:57:43","guid":{"rendered":"https:\/\/elverumfhs.no\/tjenester\/?page_id=5"},"modified":"2026-02-13T12:15:15","modified_gmt":"2026-02-13T12:15:15","slug":"overnatting","status":"publish","type":"page","link":"https:\/\/elverumfhs.no\/tjenester\/overnatting\/","title":{"rendered":"Overnatting"},"content":{"rendered":"\n\t<div class=\"wp-block-elverum-library-hero alignfull has-background has-primary-dark-background-color has-image\">\n\t\t\t\t\t\t\t\t\t<div class=\"wp-block-elverum-library-hero-image\" style=\"background-image:url(https:\/\/elverumfhs.no\/content\/uploads\/sites\/2\/2025\/09\/IMG_9627-scaled.jpg);background-position:50% 50%;\"><\/div>\n\t\t\t\n\t\t\t\n\t\t\n\t\t\n\t\t\n\t\t\n\t\t<div class=\"elverum-library-hero-block__inner\">\n\t\t\t<div class=\"elverum-library-hero-block__content text-align-left\">\n\t\t\t\t\t\t\t\t\t\t\t\t\t<h1 class=\"heading-1\">Overnatting<\/h1>\n\t\t\t\t\t\t\t\t\t\t\t\t\t<p class=\"elverum-library-hero-block__content-lead\">Skole\u00e5ret er i gang, men vi kan allikevel  tilby overnatting, i korte eller lengre perioder.<\/p>\n\t\t\t\t\t\t\t<\/div>\n\t\t<\/div>\n\t<\/div>\n\n\t\n\n\n<p>Vi tilbyr overnatting i lyse koselige rom p\u00e5 internatet Solbakken. I god folkeh\u00f8gkolestil ligger h\u00e5ndkl\u00e6r og senget\u00f8y p\u00e5 uoppredd seng. V\u00e5re rom er dobbeltrom med to enkeltsenger. Det er muligheter for \u00e5 kj\u00f8pe frokostbuff\u00e9, varm lunsj, middag og kveldsmatbuff\u00e9. Da spiser du matsalen sammen med elevene.<\/p>\n\n\n\n<p class=\"has-small-font-size\"><strong>Overnatting i forbindelse med Birkebeinerrennet<\/strong>?<\/p>\n\n\n\n<p>Skal du sykle Birken eller g\u00e5 Birkebeinerrennet? Da kan du overnatte hos oss. Du kan sm\u00f8re deg en stor og sunn matpakke og fylle termos med varm drikke. <br>Vi har utleie av minibuss, og vi kan tilby transport til skistadion p\u00e5 Rena.<\/p>\n\n\n\n<p>Du er p\u00e5 historisk grunn p\u00e5 Elverum folkeh\u00f8gskole og mye av bygninger og interi\u00f8r er originalt fra bygge\u00e5ret 1928. V\u00e5rt nyeste internat er bygget i 2007, de andre internatene er totalrenovert i perioden 2013\u20132018, med fokus p\u00e5 \u00e5 beholde den opprinnelige sjarmen.<\/p>\n\n\n\n<p>Etter skoleslutt i midten av mai og fram til skolestart i slutten av august, har vi utleie av rom i alle v\u00e5re seks internat. Enkelt- og dobbeltrom, tresengsrom samt leiligheter med plass for tre\u2013fire personer.<\/p>\n\n\n\n<p>Elverum folkeh\u00f8gskole tilbyr ogs\u00e5 overnatting i fbm leie av festlokaler. Vil du f eks feire bryllup hos oss s\u00e5 kan gjestene dine bo p\u00e5 v\u00e5re internat. Bryllupssesongen hos oss varer fra midten av mai til midten av august. Med unntak av tre uker i juli, da har vi sommerstengt.<\/p>\n\n\n\n<p>Skolen ligger idyllisk til mellom Sagtjernet og Glomma, sentralt i Elverum. Det er kort vei til flotte naturomr\u00e5der, de fleste av Elverums attraksjoner og til inn- og utferdsel.<\/p>\n\n\n\n<p>Ta kontakt med v\u00e5r utleieansvarlig Solrunn Irene Nordlien for ledige datoer og pristilbud.<\/p>\n\n\n<div class=\"align wp-block-elverum-library-cards-wrap\"><div class=\"elverum-library-cards__inner\">\n<div class=\"t2-featured-content-layout alignwide alignwide wp-block-t2-featured-content-layout\" role=\"list\">\n<div class=\"t2-featured-single-post t2-featured-content is-post-type-teft-people role-utleieansvarlig wp-block-t2-featured-single-post t2-featured-content-layout-col-8 t2-featured-content-layout-row-1\" role=\"listitem\"><figure style=\"--t2-focal-point: 50% 50%;\" class=\"t2-post-featured-image has-image-ratio-4-3 wp-block-t2-post-featured-image\"><img loading=\"lazy\" decoding=\"async\" width=\"768\" height=\"576\" src=\"https:\/\/elverumfhs.no\/content\/uploads\/sites\/2\/2020\/09\/Solrunn-Irene-Nordlien_v2-768x576.jpg\" class=\"attachment-medium_large size-medium_large wp-post-image\" alt=\"\" srcset=\"https:\/\/elverumfhs.no\/content\/uploads\/sites\/2\/2020\/09\/Solrunn-Irene-Nordlien_v2-768x576.jpg 768w, https:\/\/elverumfhs.no\/content\/uploads\/sites\/2\/2020\/09\/Solrunn-Irene-Nordlien_v2-300x225.jpg 300w, https:\/\/elverumfhs.no\/content\/uploads\/sites\/2\/2020\/09\/Solrunn-Irene-Nordlien_v2-1024x768.jpg 1024w, https:\/\/elverumfhs.no\/content\/uploads\/sites\/2\/2020\/09\/Solrunn-Irene-Nordlien_v2-1536x1152.jpg 1536w, https:\/\/elverumfhs.no\/content\/uploads\/sites\/2\/2020\/09\/Solrunn-Irene-Nordlien_v2.jpg 1696w\" sizes=\"auto, (max-width: 768px) 100vw, 768px\" \/><\/figure>\n\n<h2 class=\"t2-post-title wp-block-t2-post-title\">Solrunn Irene Nordlien<\/h2>\n<div class=\"taxonomy-role wp-block-post-terms\">Utleieansvarlig<\/div>\n<div class=\"card-info wp-block-t2-people-meta\"><div class=\"card-info__post-meta meta-key-people_phone\"><a href=\"tel:905 16 892\">905 16 892<\/a><\/div><div class=\"card-info__post-meta meta-key-people_email\"><a href=\"mailto:solrunn@elverumfhs.no\">solrunn@elverumfhs.no<\/a><\/div><\/div>\n<\/div>\n<\/div>\n<\/div><\/div>\n\n<div class=\"gallery-count-5 alignwide wp-block-elverum-library-gallery\">\n\t\t\t<ul><li class=\"blocks-gallery-item\">\n\t\t\t\t<figure>\n\t\t\t\t\t<a href=\"https:\/\/elverumfhs.no\/content\/uploads\/sites\/2\/2020\/09\/ElverumFHS_Internat_Skolebygg_2018_11_web-1024x684.jpg\" data-size=\"undefinedxundefined\">\n\t\t\t\t\t\t\n\t\t\t\t\t\t<img loading=\"lazy\" decoding=\"async\" width=\"1024\" height=\"684\" src=\"https:\/\/elverumfhs.no\/content\/uploads\/sites\/2\/2020\/09\/ElverumFHS_Internat_Skolebygg_2018_11_web-1024x684.jpg\" alt=\"Bad p\u00e5 Elverum folkeh\u00f8gskole\" data-id=\"111\" data-full-url=\"https:\/\/elverumfhs.no\/content\/uploads\/sites\/2\/2020\/09\/ElverumFHS_Internat_Skolebygg_2018_11_web-1024x684.jpg\" data-caption=\"\" class=\"wp-image-111\" srcset=\"https:\/\/elverumfhs.no\/content\/uploads\/sites\/2\/2020\/09\/ElverumFHS_Internat_Skolebygg_2018_11_web-1024x684.jpg 1024w, https:\/\/elverumfhs.no\/content\/uploads\/sites\/2\/2020\/09\/ElverumFHS_Internat_Skolebygg_2018_11_web-300x200.jpg 300w, https:\/\/elverumfhs.no\/content\/uploads\/sites\/2\/2020\/09\/ElverumFHS_Internat_Skolebygg_2018_11_web-768x513.jpg 768w, https:\/\/elverumfhs.no\/content\/uploads\/sites\/2\/2020\/09\/ElverumFHS_Internat_Skolebygg_2018_11_web-1536x1026.jpg 1536w, https:\/\/elverumfhs.no\/content\/uploads\/sites\/2\/2020\/09\/ElverumFHS_Internat_Skolebygg_2018_11_web.jpg 1920w\" sizes=\"auto, (max-width: 1024px) 100vw, 1024px\" \/>\n\t\t\t\t\t\t\n\t\t\t\t\t<\/a>\n\t\t\t\t<\/figure>\n\t\t\t<\/li><li class=\"blocks-gallery-item\">\n\t\t\t\t<figure>\n\t\t\t\t\t<a href=\"https:\/\/elverumfhs.no\/content\/uploads\/sites\/2\/2026\/01\/IMG_9627-1024x768.jpg\" data-size=\"undefinedxundefined\">\n\t\t\t\t\t\t\n\t\t\t\t\t\t<img loading=\"lazy\" decoding=\"async\" width=\"1024\" height=\"768\" src=\"https:\/\/elverumfhs.no\/content\/uploads\/sites\/2\/2026\/01\/IMG_9627-1024x768.jpg\" alt=\"\" data-id=\"471\" data-full-url=\"https:\/\/elverumfhs.no\/content\/uploads\/sites\/2\/2026\/01\/IMG_9627-1024x768.jpg\" data-caption=\"\" class=\"wp-image-471\" srcset=\"https:\/\/elverumfhs.no\/content\/uploads\/sites\/2\/2026\/01\/IMG_9627-1024x768.jpg 1024w, https:\/\/elverumfhs.no\/content\/uploads\/sites\/2\/2026\/01\/IMG_9627-300x225.jpg 300w, https:\/\/elverumfhs.no\/content\/uploads\/sites\/2\/2026\/01\/IMG_9627-768x576.jpg 768w, https:\/\/elverumfhs.no\/content\/uploads\/sites\/2\/2026\/01\/IMG_9627-1536x1152.jpg 1536w, https:\/\/elverumfhs.no\/content\/uploads\/sites\/2\/2026\/01\/IMG_9627-2048x1536.jpg 2048w\" sizes=\"auto, (max-width: 1024px) 100vw, 1024px\" \/>\n\t\t\t\t\t\t\n\t\t\t\t\t<\/a>\n\t\t\t\t<\/figure>\n\t\t\t<\/li><li class=\"blocks-gallery-item\">\n\t\t\t\t<figure>\n\t\t\t\t\t<a href=\"https:\/\/elverumfhs.no\/content\/uploads\/sites\/2\/2026\/01\/IMG_9629-1024x768.jpg\" data-size=\"undefinedxundefined\">\n\t\t\t\t\t\t\n\t\t\t\t\t\t<img loading=\"lazy\" decoding=\"async\" width=\"1024\" height=\"768\" src=\"https:\/\/elverumfhs.no\/content\/uploads\/sites\/2\/2026\/01\/IMG_9629-1024x768.jpg\" alt=\"\" data-id=\"473\" data-full-url=\"https:\/\/elverumfhs.no\/content\/uploads\/sites\/2\/2026\/01\/IMG_9629-1024x768.jpg\" data-caption=\"\" class=\"wp-image-473\" srcset=\"https:\/\/elverumfhs.no\/content\/uploads\/sites\/2\/2026\/01\/IMG_9629-1024x768.jpg 1024w, https:\/\/elverumfhs.no\/content\/uploads\/sites\/2\/2026\/01\/IMG_9629-300x225.jpg 300w, https:\/\/elverumfhs.no\/content\/uploads\/sites\/2\/2026\/01\/IMG_9629-768x576.jpg 768w, https:\/\/elverumfhs.no\/content\/uploads\/sites\/2\/2026\/01\/IMG_9629-1536x1152.jpg 1536w, https:\/\/elverumfhs.no\/content\/uploads\/sites\/2\/2026\/01\/IMG_9629-2048x1536.jpg 2048w\" sizes=\"auto, (max-width: 1024px) 100vw, 1024px\" \/>\n\t\t\t\t\t\t\n\t\t\t\t\t<\/a>\n\t\t\t\t<\/figure>\n\t\t\t<\/li><li class=\"blocks-gallery-item\">\n\t\t\t\t<figure>\n\t\t\t\t\t<a href=\"https:\/\/elverumfhs.no\/content\/uploads\/sites\/2\/2026\/01\/IMG_9634-1024x768.jpg\" data-size=\"undefinedxundefined\">\n\t\t\t\t\t\t\n\t\t\t\t\t\t<img loading=\"lazy\" decoding=\"async\" width=\"1024\" height=\"768\" src=\"https:\/\/elverumfhs.no\/content\/uploads\/sites\/2\/2026\/01\/IMG_9634-1024x768.jpg\" alt=\"\" data-id=\"474\" data-full-url=\"https:\/\/elverumfhs.no\/content\/uploads\/sites\/2\/2026\/01\/IMG_9634-1024x768.jpg\" data-caption=\"\" class=\"wp-image-474\" srcset=\"https:\/\/elverumfhs.no\/content\/uploads\/sites\/2\/2026\/01\/IMG_9634-1024x768.jpg 1024w, https:\/\/elverumfhs.no\/content\/uploads\/sites\/2\/2026\/01\/IMG_9634-300x225.jpg 300w, https:\/\/elverumfhs.no\/content\/uploads\/sites\/2\/2026\/01\/IMG_9634-768x576.jpg 768w, https:\/\/elverumfhs.no\/content\/uploads\/sites\/2\/2026\/01\/IMG_9634-1536x1152.jpg 1536w, https:\/\/elverumfhs.no\/content\/uploads\/sites\/2\/2026\/01\/IMG_9634-2048x1536.jpg 2048w\" sizes=\"auto, (max-width: 1024px) 100vw, 1024px\" \/>\n\t\t\t\t\t\t\n\t\t\t\t\t<\/a>\n\t\t\t\t<\/figure>\n\t\t\t<\/li><li class=\"blocks-gallery-item\">\n\t\t\t\t<figure>\n\t\t\t\t\t<a href=\"https:\/\/elverumfhs.no\/content\/uploads\/sites\/2\/2026\/01\/IMG_9635-1024x768.jpg\" data-size=\"undefinedxundefined\">\n\t\t\t\t\t\t\n\t\t\t\t\t\t<img loading=\"lazy\" decoding=\"async\" width=\"1024\" height=\"768\" src=\"https:\/\/elverumfhs.no\/content\/uploads\/sites\/2\/2026\/01\/IMG_9635-1024x768.jpg\" alt=\"\" data-id=\"475\" data-full-url=\"https:\/\/elverumfhs.no\/content\/uploads\/sites\/2\/2026\/01\/IMG_9635-1024x768.jpg\" data-caption=\"\" class=\"wp-image-475\" srcset=\"https:\/\/elverumfhs.no\/content\/uploads\/sites\/2\/2026\/01\/IMG_9635-1024x768.jpg 1024w, https:\/\/elverumfhs.no\/content\/uploads\/sites\/2\/2026\/01\/IMG_9635-300x225.jpg 300w, https:\/\/elverumfhs.no\/content\/uploads\/sites\/2\/2026\/01\/IMG_9635-768x576.jpg 768w, https:\/\/elverumfhs.no\/content\/uploads\/sites\/2\/2026\/01\/IMG_9635-1536x1152.jpg 1536w, https:\/\/elverumfhs.no\/content\/uploads\/sites\/2\/2026\/01\/IMG_9635-2048x1536.jpg 2048w\" sizes=\"auto, (max-width: 1024px) 100vw, 1024px\" \/>\n\t\t\t\t\t\t<span class=\"block-gallery-more\">Bildegalleri (7)<\/span>\n\t\t\t\t\t<\/a>\n\t\t\t\t<\/figure>\n\t\t\t<\/li><li class=\"blocks-gallery-item is-hidden\">\n\t\t\t\t<figure>\n\t\t\t\t\t<a href=\"https:\/\/elverumfhs.no\/content\/uploads\/sites\/2\/2026\/01\/IMG_9632-1024x768.jpg\" data-size=\"undefinedxundefined\">\n\t\t\t\t\t\t\n\t\t\t\t\t\t<img loading=\"lazy\" decoding=\"async\" width=\"1024\" height=\"768\" src=\"https:\/\/elverumfhs.no\/content\/uploads\/sites\/2\/2026\/01\/IMG_9632-1024x768.jpg\" alt=\"\" data-id=\"476\" data-full-url=\"https:\/\/elverumfhs.no\/content\/uploads\/sites\/2\/2026\/01\/IMG_9632-1024x768.jpg\" data-caption=\"\" class=\"wp-image-476\" srcset=\"https:\/\/elverumfhs.no\/content\/uploads\/sites\/2\/2026\/01\/IMG_9632-1024x768.jpg 1024w, https:\/\/elverumfhs.no\/content\/uploads\/sites\/2\/2026\/01\/IMG_9632-300x225.jpg 300w, https:\/\/elverumfhs.no\/content\/uploads\/sites\/2\/2026\/01\/IMG_9632-768x576.jpg 768w, https:\/\/elverumfhs.no\/content\/uploads\/sites\/2\/2026\/01\/IMG_9632-1536x1152.jpg 1536w, https:\/\/elverumfhs.no\/content\/uploads\/sites\/2\/2026\/01\/IMG_9632-2048x1536.jpg 2048w\" sizes=\"auto, (max-width: 1024px) 100vw, 1024px\" \/>\n\t\t\t\t\t\t\n\t\t\t\t\t<\/a>\n\t\t\t\t<\/figure>\n\t\t\t<\/li><li class=\"blocks-gallery-item is-hidden\">\n\t\t\t\t<figure>\n\t\t\t\t\t<a href=\"https:\/\/elverumfhs.no\/content\/uploads\/sites\/2\/2026\/01\/IMG_9631-scaled.jpg\" data-size=\"2560x1920\">\n\t\t\t\t\t\t\n\t\t\t\t\t\t<img loading=\"lazy\" decoding=\"async\" width=\"1024\" height=\"768\" src=\"https:\/\/elverumfhs.no\/content\/uploads\/sites\/2\/2026\/01\/IMG_9631-1024x768.jpg\" alt=\"\" data-id=\"477\" data-full-url=\"https:\/\/elverumfhs.no\/content\/uploads\/sites\/2\/2026\/01\/IMG_9631-scaled.jpg\" data-caption=\"\" class=\"wp-image-477\" srcset=\"https:\/\/elverumfhs.no\/content\/uploads\/sites\/2\/2026\/01\/IMG_9631-1024x768.jpg 1024w, https:\/\/elverumfhs.no\/content\/uploads\/sites\/2\/2026\/01\/IMG_9631-300x225.jpg 300w, https:\/\/elverumfhs.no\/content\/uploads\/sites\/2\/2026\/01\/IMG_9631-768x576.jpg 768w, https:\/\/elverumfhs.no\/content\/uploads\/sites\/2\/2026\/01\/IMG_9631-1536x1152.jpg 1536w, https:\/\/elverumfhs.no\/content\/uploads\/sites\/2\/2026\/01\/IMG_9631-2048x1536.jpg 2048w\" sizes=\"auto, (max-width: 1024px) 100vw, 1024px\" \/>\n\t\t\t\t\t\t\n\t\t\t\t\t<\/a>\n\t\t\t\t<\/figure>\n\t\t\t<\/li><\/ul>\n\t\t\t\n\t\t<\/div>","protected":false},"excerpt":{"rendered":"<p>Vi tilbyr overnatting i lyse koselige rom p\u00e5 internatet Solbakken. I god folkeh\u00f8gkolestil ligger h\u00e5ndkl\u00e6r og senget\u00f8y p\u00e5 uoppredd seng. V\u00e5re rom er dobbeltrom med to enkeltsenger. Det er muligheter for \u00e5 kj\u00f8pe frokostbuff\u00e9, varm lunsj, middag og kveldsmatbuff\u00e9. Da spiser du matsalen sammen med elevene. Overnatting i forbindelse med Birkebeinerrennet? Skal du sykle Birken [&hellip;]<\/p>\n","protected":false},"author":1,"featured_media":104,"parent":0,"menu_order":0,"comment_status":"closed","ping_status":"closed","template":"","meta":{"_acf_changed":false,"t2_featured_media_focal_point":{"x":0.5,"y":0.5},"teft_cards_bgcolor":"","teft_cards_bgcolor_light":"","footnotes":""},"class_list":["post-5","page","type-page","status-publish","has-post-thumbnail","hentry"],"yoast_head":"<!-- This site is optimized with the Yoast SEO Premium plugin v25.2 (Yoast SEO v25.9) - https:\/\/yoast.com\/wordpress\/plugins\/seo\/ -->\n<title>Elverum folkeh\u00f8gskole | Utleie og tjenester | Rimelig overnatting i Elverum<\/title>\n<meta name=\"description\" content=\"Utenfor skole\u00e5ret tilbyr Elverum folkeh\u00f8gskole overnatting av internatrom, enerom, dobbeltrom, leiligheter og hele internater. Ta kontakt!\" \/>\n<meta name=\"robots\" content=\"index, follow, max-snippet:-1, max-image-preview:large, max-video-preview:-1\" \/>\n<link rel=\"canonical\" href=\"https:\/\/elverumfhs.no\/tjenester\/overnatting\/\" \/>\n<meta property=\"og:locale\" content=\"nb_NO\" \/>\n<meta property=\"og:type\" content=\"article\" \/>\n<meta property=\"og:title\" content=\"Overnatting\" \/>\n<meta property=\"og:description\" content=\"Utenfor skole\u00e5ret tilbyr Elverum folkeh\u00f8gskole overnatting av internatrom, enerom, dobbeltrom, leiligheter og hele internater. Ta kontakt!\" \/>\n<meta property=\"og:url\" content=\"https:\/\/elverumfhs.no\/tjenester\/overnatting\/\" \/>\n<meta property=\"og:site_name\" content=\"Elverum folkeh\u00f8gskole | Utleie og tjenester\" \/>\n<meta property=\"article:modified_time\" content=\"2026-02-13T12:15:15+00:00\" \/>\n<meta property=\"og:image\" content=\"https:\/\/elverumfhs.no\/content\/uploads\/sites\/2\/2020\/09\/ElverumFHS_Internat_Skolebygg_2018_09_web.jpg\" \/>\n\t<meta property=\"og:image:width\" content=\"1920\" \/>\n\t<meta property=\"og:image:height\" content=\"1282\" \/>\n\t<meta property=\"og:image:type\" content=\"image\/jpeg\" \/>\n<meta name=\"twitter:card\" content=\"summary_large_image\" \/>\n<meta name=\"twitter:label1\" content=\"Ansl. lesetid\" \/>\n\t<meta name=\"twitter:data1\" content=\"2 minutter\" \/>\n<script type=\"application\/ld+json\" class=\"yoast-schema-graph\">{\"@context\":\"https:\/\/schema.org\",\"@graph\":[{\"@type\":\"WebPage\",\"@id\":\"https:\/\/elverumfhs.no\/tjenester\/overnatting\/\",\"url\":\"https:\/\/elverumfhs.no\/tjenester\/overnatting\/\",\"name\":\"Elverum folkeh\u00f8gskole | Utleie og tjenester | Rimelig overnatting i Elverum\",\"isPartOf\":{\"@id\":\"https:\/\/elverumfhs.no\/tjenester\/#website\"},\"primaryImageOfPage\":{\"@id\":\"https:\/\/elverumfhs.no\/tjenester\/overnatting\/#primaryimage\"},\"image\":{\"@id\":\"https:\/\/elverumfhs.no\/tjenester\/overnatting\/#primaryimage\"},\"thumbnailUrl\":\"https:\/\/elverumfhs.no\/content\/uploads\/sites\/2\/2020\/09\/ElverumFHS_Internat_Skolebygg_2018_09_web.jpg\",\"datePublished\":\"2020-06-15T11:57:43+00:00\",\"dateModified\":\"2026-02-13T12:15:15+00:00\",\"description\":\"Utenfor skole\u00e5ret tilbyr Elverum folkeh\u00f8gskole overnatting av internatrom, enerom, dobbeltrom, leiligheter og hele internater. Ta kontakt!\",\"breadcrumb\":{\"@id\":\"https:\/\/elverumfhs.no\/tjenester\/overnatting\/#breadcrumb\"},\"inLanguage\":\"nb-NO\",\"potentialAction\":[{\"@type\":\"ReadAction\",\"target\":[\"https:\/\/elverumfhs.no\/tjenester\/overnatting\/\"]}]},{\"@type\":\"ImageObject\",\"inLanguage\":\"nb-NO\",\"@id\":\"https:\/\/elverumfhs.no\/tjenester\/overnatting\/#primaryimage\",\"url\":\"https:\/\/elverumfhs.no\/content\/uploads\/sites\/2\/2020\/09\/ElverumFHS_Internat_Skolebygg_2018_09_web.jpg\",\"contentUrl\":\"https:\/\/elverumfhs.no\/content\/uploads\/sites\/2\/2020\/09\/ElverumFHS_Internat_Skolebygg_2018_09_web.jpg\",\"width\":1920,\"height\":1282,\"caption\":\"Internatrom p\u00e5 Elverum folkeh\u00f8gskole\"},{\"@type\":\"BreadcrumbList\",\"@id\":\"https:\/\/elverumfhs.no\/tjenester\/overnatting\/#breadcrumb\",\"itemListElement\":[{\"@type\":\"ListItem\",\"position\":1,\"name\":\"Home\",\"item\":\"https:\/\/elverumfhs.no\/tjenester\/\"},{\"@type\":\"ListItem\",\"position\":2,\"name\":\"Overnatting\"}]},{\"@type\":\"WebSite\",\"@id\":\"https:\/\/elverumfhs.no\/tjenester\/#website\",\"url\":\"https:\/\/elverumfhs.no\/tjenester\/\",\"name\":\"Elverum folkeh\u00f8gskole | Utleie og tjenester\",\"description\":\"Historiske rammer og gode priser\",\"publisher\":{\"@id\":\"https:\/\/elverumfhs.no\/tjenester\/#organization\"},\"potentialAction\":[{\"@type\":\"SearchAction\",\"target\":{\"@type\":\"EntryPoint\",\"urlTemplate\":\"https:\/\/elverumfhs.no\/tjenester\/?s={search_term_string}\"},\"query-input\":{\"@type\":\"PropertyValueSpecification\",\"valueRequired\":true,\"valueName\":\"search_term_string\"}}],\"inLanguage\":\"nb-NO\"},{\"@type\":\"Organization\",\"@id\":\"https:\/\/elverumfhs.no\/tjenester\/#organization\",\"name\":\"Elverum folkeh\u00f8gskole\",\"url\":\"https:\/\/elverumfhs.no\/tjenester\/\",\"logo\":{\"@type\":\"ImageObject\",\"inLanguage\":\"nb-NO\",\"@id\":\"https:\/\/elverumfhs.no\/tjenester\/#\/schema\/logo\/image\/\",\"url\":\"https:\/\/elverumfhs.no\/content\/uploads\/sites\/2\/2020\/06\/logo.png\",\"contentUrl\":\"https:\/\/elverumfhs.no\/content\/uploads\/sites\/2\/2020\/06\/logo.png\",\"width\":248,\"height\":55,\"caption\":\"Elverum folkeh\u00f8gskole\"},\"image\":{\"@id\":\"https:\/\/elverumfhs.no\/tjenester\/#\/schema\/logo\/image\/\"}}]}<\/script>\n<!-- \/ Yoast SEO Premium plugin. -->","yoast_head_json":{"title":"Elverum folkeh\u00f8gskole | Utleie og tjenester | Rimelig overnatting i Elverum","description":"Utenfor skole\u00e5ret tilbyr Elverum folkeh\u00f8gskole overnatting av internatrom, enerom, dobbeltrom, leiligheter og hele internater. Ta kontakt!","robots":{"index":"index","follow":"follow","max-snippet":"max-snippet:-1","max-image-preview":"max-image-preview:large","max-video-preview":"max-video-preview:-1"},"canonical":"https:\/\/elverumfhs.no\/tjenester\/overnatting\/","og_locale":"nb_NO","og_type":"article","og_title":"Overnatting","og_description":"Utenfor skole\u00e5ret tilbyr Elverum folkeh\u00f8gskole overnatting av internatrom, enerom, dobbeltrom, leiligheter og hele internater. Ta kontakt!","og_url":"https:\/\/elverumfhs.no\/tjenester\/overnatting\/","og_site_name":"Elverum folkeh\u00f8gskole | Utleie og tjenester","article_modified_time":"2026-02-13T12:15:15+00:00","og_image":[{"width":1920,"height":1282,"url":"https:\/\/elverumfhs.no\/content\/uploads\/sites\/2\/2020\/09\/ElverumFHS_Internat_Skolebygg_2018_09_web.jpg","type":"image\/jpeg"}],"twitter_card":"summary_large_image","twitter_misc":{"Ansl. lesetid":"2 minutter"},"schema":{"@context":"https:\/\/schema.org","@graph":[{"@type":"WebPage","@id":"https:\/\/elverumfhs.no\/tjenester\/overnatting\/","url":"https:\/\/elverumfhs.no\/tjenester\/overnatting\/","name":"Elverum folkeh\u00f8gskole | Utleie og tjenester | Rimelig overnatting i Elverum","isPartOf":{"@id":"https:\/\/elverumfhs.no\/tjenester\/#website"},"primaryImageOfPage":{"@id":"https:\/\/elverumfhs.no\/tjenester\/overnatting\/#primaryimage"},"image":{"@id":"https:\/\/elverumfhs.no\/tjenester\/overnatting\/#primaryimage"},"thumbnailUrl":"https:\/\/elverumfhs.no\/content\/uploads\/sites\/2\/2020\/09\/ElverumFHS_Internat_Skolebygg_2018_09_web.jpg","datePublished":"2020-06-15T11:57:43+00:00","dateModified":"2026-02-13T12:15:15+00:00","description":"Utenfor skole\u00e5ret tilbyr Elverum folkeh\u00f8gskole overnatting av internatrom, enerom, dobbeltrom, leiligheter og hele internater. Ta kontakt!","breadcrumb":{"@id":"https:\/\/elverumfhs.no\/tjenester\/overnatting\/#breadcrumb"},"inLanguage":"nb-NO","potentialAction":[{"@type":"ReadAction","target":["https:\/\/elverumfhs.no\/tjenester\/overnatting\/"]}]},{"@type":"ImageObject","inLanguage":"nb-NO","@id":"https:\/\/elverumfhs.no\/tjenester\/overnatting\/#primaryimage","url":"https:\/\/elverumfhs.no\/content\/uploads\/sites\/2\/2020\/09\/ElverumFHS_Internat_Skolebygg_2018_09_web.jpg","contentUrl":"https:\/\/elverumfhs.no\/content\/uploads\/sites\/2\/2020\/09\/ElverumFHS_Internat_Skolebygg_2018_09_web.jpg","width":1920,"height":1282,"caption":"Internatrom p\u00e5 Elverum folkeh\u00f8gskole"},{"@type":"BreadcrumbList","@id":"https:\/\/elverumfhs.no\/tjenester\/overnatting\/#breadcrumb","itemListElement":[{"@type":"ListItem","position":1,"name":"Home","item":"https:\/\/elverumfhs.no\/tjenester\/"},{"@type":"ListItem","position":2,"name":"Overnatting"}]},{"@type":"WebSite","@id":"https:\/\/elverumfhs.no\/tjenester\/#website","url":"https:\/\/elverumfhs.no\/tjenester\/","name":"Elverum folkeh\u00f8gskole | Utleie og tjenester","description":"Historiske rammer og gode priser","publisher":{"@id":"https:\/\/elverumfhs.no\/tjenester\/#organization"},"potentialAction":[{"@type":"SearchAction","target":{"@type":"EntryPoint","urlTemplate":"https:\/\/elverumfhs.no\/tjenester\/?s={search_term_string}"},"query-input":{"@type":"PropertyValueSpecification","valueRequired":true,"valueName":"search_term_string"}}],"inLanguage":"nb-NO"},{"@type":"Organization","@id":"https:\/\/elverumfhs.no\/tjenester\/#organization","name":"Elverum folkeh\u00f8gskole","url":"https:\/\/elverumfhs.no\/tjenester\/","logo":{"@type":"ImageObject","inLanguage":"nb-NO","@id":"https:\/\/elverumfhs.no\/tjenester\/#\/schema\/logo\/image\/","url":"https:\/\/elverumfhs.no\/content\/uploads\/sites\/2\/2020\/06\/logo.png","contentUrl":"https:\/\/elverumfhs.no\/content\/uploads\/sites\/2\/2020\/06\/logo.png","width":248,"height":55,"caption":"Elverum folkeh\u00f8gskole"},"image":{"@id":"https:\/\/elverumfhs.no\/tjenester\/#\/schema\/logo\/image\/"}}]}},"acf":[],"_links":{"self":[{"href":"https:\/\/elverumfhs.no\/tjenester\/wp-json\/wp\/v2\/pages\/5","targetHints":{"allow":["GET"]}}],"collection":[{"href":"https:\/\/elverumfhs.no\/tjenester\/wp-json\/wp\/v2\/pages"}],"about":[{"href":"https:\/\/elverumfhs.no\/tjenester\/wp-json\/wp\/v2\/types\/page"}],"author":[{"embeddable":true,"href":"https:\/\/elverumfhs.no\/tjenester\/wp-json\/wp\/v2\/users\/1"}],"replies":[{"embeddable":true,"href":"https:\/\/elverumfhs.no\/tjenester\/wp-json\/wp\/v2\/comments?post=5"}],"version-history":[{"count":5,"href":"https:\/\/elverumfhs.no\/tjenester\/wp-json\/wp\/v2\/pages\/5\/revisions"}],"predecessor-version":[{"id":489,"href":"https:\/\/elverumfhs.no\/tjenester\/wp-json\/wp\/v2\/pages\/5\/revisions\/489"}],"wp:featuredmedia":[{"embeddable":true,"href":"https:\/\/elverumfhs.no\/tjenester\/wp-json\/wp\/v2\/media\/104"}],"wp:attachment":[{"href":"https:\/\/elverumfhs.no\/tjenester\/wp-json\/wp\/v2\/media?parent=5"}],"curies":[{"name":"wp","href":"https:\/\/api.w.org\/{rel}","templated":true}]}}