{"id":26,"date":"2020-06-15T12:11:52","date_gmt":"2020-06-15T12:11:52","guid":{"rendered":"https:\/\/elverumfhs.no\/tjenester\/?page_id=26"},"modified":"2026-01-28T09:54:05","modified_gmt":"2026-01-28T09:54:05","slug":"bryllup","status":"publish","type":"page","link":"https:\/\/elverumfhs.no\/tjenester\/selskaplokaler\/bryllup\/","title":{"rendered":"Bryllup"},"content":{"rendered":"\n\t<div class=\"wp-block-elverum-library-hero alignfull has-background has-primary-dark-background-color has-image\">\n\t\t\t\t\t\t\t\t\t<div class=\"wp-block-elverum-library-hero-image\" style=\"background-image:url(https:\/\/elverumfhs.no\/content\/uploads\/sites\/2\/2020\/09\/ElverumFHS_Tjenester_Bryllup_Fest_Selskapslokale__web.jpg);background-position:50% 50%;\"><\/div>\n\t\t\t\n\t\t\t\n\t\t\n\t\t\n\t\t\n\t\t\n\t\t<div class=\"elverum-library-hero-block__inner\">\n\t\t\t<div class=\"elverum-library-hero-block__content text-align-left\">\n\t\t\t\t\t\t\t\t\t\t\t\t\t<h1 class=\"heading-1\">Bryllup<\/h1>\n\t\t\t\t\t\t\t\t\t\t\t\t\t<p class=\"elverum-library-hero-block__content-lead\">Legg bryllupet til historiske Elverum folkeh\u00f8gskole. Vi kan hjelpe deg med flotte selskapslokaler, mat, transport, overnatting for gjester, scene, lys, lyd og mye mer!<\/p>\n\t\t\t\t\t\t\t<\/div>\n\t\t<\/div>\n\t<\/div>\n\n\t\n\n\n<p>Elverum folkeh\u00f8gskole ligger sentralt i Elverum, idyllisk til mellom Sagtjernet og Glomma. De historiske r\u00f8dmalte bygningene i \u00d8sterdal-stil gir den perfekte rammen for ditt selskap. Vi kan tilby bryllupslokaler i Elverum med personlig service tilpasset dine behov.<\/p>\n\n\n<div class=\"alignwide wp-block-elverum-library-text-cover\">\n\t\t\t<div class=\"elverum-library-text-cover-block__inner text-align-left\">\n\t\t\t\t<div class=\"elverum-library-text-cover-block__inner-inner\">\n\t\t\t\t\t\n\n<p class=\"has-large-font-size\">I hovedbygningen er det en stor spisesal med plass til ca 100 gjester. Spisesalen er direkte tilknyttet storkj\u00f8kken, og en romslig peisestue med kaffebord og en stor lun peis.<\/p>\n\n\n\t\t\t\t<\/div>\n\t\t\t<\/div>\n\t\t<\/div>\n\n\n<p>I tillegg kan det avtales leie av teatersal med scene, lyd, lys og fremvisningsutstyr, eller foredragssal\/konferansesal med sitteplasser til 100 mennesker.<\/p>\n\n\n\n<p>Ta kontakt med Solrunn Irene Nordlien for informasjon og n\u00e6rmere avtale.<\/p>\n\n\n<div class=\"align wp-block-elverum-library-cards-wrap\"><div class=\"elverum-library-cards__inner\">\n<div class=\"t2-featured-content-layout alignwide alignwide wp-block-t2-featured-content-layout\" role=\"list\">\n<div class=\"t2-featured-single-post t2-featured-content is-post-type-teft-people role-utleieansvarlig wp-block-t2-featured-single-post t2-featured-content-layout-col-8\" role=\"listitem\"><figure style=\"--t2-focal-point: 50% 50%;\" class=\"t2-post-featured-image has-image-ratio-4-3 wp-block-t2-post-featured-image\"><img loading=\"lazy\" decoding=\"async\" width=\"768\" height=\"576\" src=\"https:\/\/elverumfhs.no\/content\/uploads\/sites\/2\/2020\/09\/Solrunn-Irene-Nordlien_v2-768x576.jpg\" class=\"attachment-medium_large size-medium_large wp-post-image\" alt=\"\" srcset=\"https:\/\/elverumfhs.no\/content\/uploads\/sites\/2\/2020\/09\/Solrunn-Irene-Nordlien_v2-768x576.jpg 768w, https:\/\/elverumfhs.no\/content\/uploads\/sites\/2\/2020\/09\/Solrunn-Irene-Nordlien_v2-300x225.jpg 300w, https:\/\/elverumfhs.no\/content\/uploads\/sites\/2\/2020\/09\/Solrunn-Irene-Nordlien_v2-1024x768.jpg 1024w, https:\/\/elverumfhs.no\/content\/uploads\/sites\/2\/2020\/09\/Solrunn-Irene-Nordlien_v2-1536x1152.jpg 1536w, https:\/\/elverumfhs.no\/content\/uploads\/sites\/2\/2020\/09\/Solrunn-Irene-Nordlien_v2.jpg 1696w\" sizes=\"auto, (max-width: 768px) 100vw, 768px\" \/><\/figure>\n\n<h2 class=\"t2-post-title wp-block-t2-post-title\">Solrunn Irene Nordlien<\/h2>\n<div class=\"taxonomy-role wp-block-post-terms\">Utleieansvarlig<\/div>\n<div class=\"card-info wp-block-t2-people-meta\"><div class=\"card-info__post-meta meta-key-people_phone\"><a href=\"tel:905 16 892\">905 16 892<\/a><\/div><div class=\"card-info__post-meta meta-key-people_email\"><a href=\"mailto:solrunn@elverumfhs.no\">solrunn@elverumfhs.no<\/a><\/div><\/div>\n<\/div>\n<\/div>\n<\/div><\/div>","protected":false},"excerpt":{"rendered":"<p>Legg bryllupet til historiske Elverum Folkeh\u00f8yskole. Vi kan hjelpe deg med flotte selskapslokaler, mat, transport, overnatting for gjester, scene, lys, lyd og mye mer!<\/p>\n","protected":false},"author":1,"featured_media":93,"parent":24,"menu_order":0,"comment_status":"closed","ping_status":"closed","template":"","meta":{"_acf_changed":false,"t2_featured_media_focal_point":{"x":0.5,"y":0.5},"teft_cards_bgcolor":"","teft_cards_bgcolor_light":"","footnotes":""},"class_list":["post-26","page","type-page","status-publish","has-post-thumbnail","hentry"],"yoast_head":"<!-- This site is optimized with the Yoast SEO Premium plugin v25.2 (Yoast SEO v25.9) - https:\/\/yoast.com\/wordpress\/plugins\/seo\/ -->\n<title>Elverum folkeh\u00f8gskole | Historiske bryllupslokaler \u2013\u00a0og alt fra mat til lyd.<\/title>\n<meta name=\"description\" content=\"Legg bryllupet til historiske Elverum Folkeh\u00f8yskole. Vi hjelper deg med flotte selskapslokaler, mat, transport, overnatting, scene, lys, lyd og mye mer!\" \/>\n<meta name=\"robots\" content=\"index, follow, max-snippet:-1, max-image-preview:large, max-video-preview:-1\" \/>\n<link rel=\"canonical\" href=\"https:\/\/elverumfhs.no\/tjenester\/selskaplokaler\/bryllup\/\" \/>\n<meta property=\"og:locale\" content=\"nb_NO\" \/>\n<meta property=\"og:type\" content=\"article\" \/>\n<meta property=\"og:title\" content=\"Bryllup\" \/>\n<meta property=\"og:description\" content=\"Legg bryllupet til historiske Elverum Folkeh\u00f8yskole. Vi hjelper deg med flotte selskapslokaler, mat, transport, overnatting, scene, lys, lyd og mye mer!\" \/>\n<meta property=\"og:url\" content=\"https:\/\/elverumfhs.no\/tjenester\/selskaplokaler\/bryllup\/\" \/>\n<meta property=\"og:site_name\" content=\"Elverum folkeh\u00f8gskole | Utleie og tjenester\" \/>\n<meta property=\"article:modified_time\" content=\"2026-01-28T09:54:05+00:00\" \/>\n<meta property=\"og:image\" content=\"https:\/\/elverumfhs.no\/content\/uploads\/sites\/2\/2020\/09\/ElverumFHS_Tjenester_Bryllup_Fest_Selskapslokale__web.jpg\" \/>\n\t<meta property=\"og:image:width\" content=\"1920\" \/>\n\t<meta property=\"og:image:height\" content=\"1281\" \/>\n\t<meta property=\"og:image:type\" content=\"image\/jpeg\" \/>\n<meta name=\"twitter:card\" content=\"summary_large_image\" \/>\n<meta name=\"twitter:label1\" content=\"Ansl. lesetid\" \/>\n\t<meta name=\"twitter:data1\" content=\"1 minutt\" \/>\n<script type=\"application\/ld+json\" class=\"yoast-schema-graph\">{\"@context\":\"https:\/\/schema.org\",\"@graph\":[{\"@type\":\"WebPage\",\"@id\":\"https:\/\/elverumfhs.no\/tjenester\/selskaplokaler\/bryllup\/\",\"url\":\"https:\/\/elverumfhs.no\/tjenester\/selskaplokaler\/bryllup\/\",\"name\":\"Elverum folkeh\u00f8gskole | Historiske bryllupslokaler \u2013\u00a0og alt fra mat til lyd.\",\"isPartOf\":{\"@id\":\"https:\/\/elverumfhs.no\/tjenester\/#website\"},\"primaryImageOfPage\":{\"@id\":\"https:\/\/elverumfhs.no\/tjenester\/selskaplokaler\/bryllup\/#primaryimage\"},\"image\":{\"@id\":\"https:\/\/elverumfhs.no\/tjenester\/selskaplokaler\/bryllup\/#primaryimage\"},\"thumbnailUrl\":\"https:\/\/elverumfhs.no\/content\/uploads\/sites\/2\/2020\/09\/ElverumFHS_Tjenester_Bryllup_Fest_Selskapslokale__web.jpg\",\"datePublished\":\"2020-06-15T12:11:52+00:00\",\"dateModified\":\"2026-01-28T09:54:05+00:00\",\"description\":\"Legg bryllupet til historiske Elverum Folkeh\u00f8yskole. Vi hjelper deg med flotte selskapslokaler, mat, transport, overnatting, scene, lys, lyd og mye mer!\",\"breadcrumb\":{\"@id\":\"https:\/\/elverumfhs.no\/tjenester\/selskaplokaler\/bryllup\/#breadcrumb\"},\"inLanguage\":\"nb-NO\",\"potentialAction\":[{\"@type\":\"ReadAction\",\"target\":[\"https:\/\/elverumfhs.no\/tjenester\/selskaplokaler\/bryllup\/\"]}]},{\"@type\":\"ImageObject\",\"inLanguage\":\"nb-NO\",\"@id\":\"https:\/\/elverumfhs.no\/tjenester\/selskaplokaler\/bryllup\/#primaryimage\",\"url\":\"https:\/\/elverumfhs.no\/content\/uploads\/sites\/2\/2020\/09\/ElverumFHS_Tjenester_Bryllup_Fest_Selskapslokale__web.jpg\",\"contentUrl\":\"https:\/\/elverumfhs.no\/content\/uploads\/sites\/2\/2020\/09\/ElverumFHS_Tjenester_Bryllup_Fest_Selskapslokale__web.jpg\",\"width\":1920,\"height\":1281,\"caption\":\"Brudgom smiler i bryllup\"},{\"@type\":\"BreadcrumbList\",\"@id\":\"https:\/\/elverumfhs.no\/tjenester\/selskaplokaler\/bryllup\/#breadcrumb\",\"itemListElement\":[{\"@type\":\"ListItem\",\"position\":1,\"name\":\"Home\",\"item\":\"https:\/\/elverumfhs.no\/tjenester\/\"},{\"@type\":\"ListItem\",\"position\":2,\"name\":\"Selskapslokaler\",\"item\":\"https:\/\/elverumfhs.no\/tjenester\/selskaplokaler\/\"},{\"@type\":\"ListItem\",\"position\":3,\"name\":\"Bryllup\"}]},{\"@type\":\"WebSite\",\"@id\":\"https:\/\/elverumfhs.no\/tjenester\/#website\",\"url\":\"https:\/\/elverumfhs.no\/tjenester\/\",\"name\":\"Elverum folkeh\u00f8gskole | Utleie og tjenester\",\"description\":\"Historiske rammer og gode priser\",\"publisher\":{\"@id\":\"https:\/\/elverumfhs.no\/tjenester\/#organization\"},\"potentialAction\":[{\"@type\":\"SearchAction\",\"target\":{\"@type\":\"EntryPoint\",\"urlTemplate\":\"https:\/\/elverumfhs.no\/tjenester\/?s={search_term_string}\"},\"query-input\":{\"@type\":\"PropertyValueSpecification\",\"valueRequired\":true,\"valueName\":\"search_term_string\"}}],\"inLanguage\":\"nb-NO\"},{\"@type\":\"Organization\",\"@id\":\"https:\/\/elverumfhs.no\/tjenester\/#organization\",\"name\":\"Elverum folkeh\u00f8gskole\",\"url\":\"https:\/\/elverumfhs.no\/tjenester\/\",\"logo\":{\"@type\":\"ImageObject\",\"inLanguage\":\"nb-NO\",\"@id\":\"https:\/\/elverumfhs.no\/tjenester\/#\/schema\/logo\/image\/\",\"url\":\"https:\/\/elverumfhs.no\/content\/uploads\/sites\/2\/2020\/06\/logo.png\",\"contentUrl\":\"https:\/\/elverumfhs.no\/content\/uploads\/sites\/2\/2020\/06\/logo.png\",\"width\":248,\"height\":55,\"caption\":\"Elverum folkeh\u00f8gskole\"},\"image\":{\"@id\":\"https:\/\/elverumfhs.no\/tjenester\/#\/schema\/logo\/image\/\"}}]}<\/script>\n<!-- \/ Yoast SEO Premium plugin. -->","yoast_head_json":{"title":"Elverum folkeh\u00f8gskole | Historiske bryllupslokaler \u2013\u00a0og alt fra mat til lyd.","description":"Legg bryllupet til historiske Elverum Folkeh\u00f8yskole. Vi hjelper deg med flotte selskapslokaler, mat, transport, overnatting, scene, lys, lyd og mye mer!","robots":{"index":"index","follow":"follow","max-snippet":"max-snippet:-1","max-image-preview":"max-image-preview:large","max-video-preview":"max-video-preview:-1"},"canonical":"https:\/\/elverumfhs.no\/tjenester\/selskaplokaler\/bryllup\/","og_locale":"nb_NO","og_type":"article","og_title":"Bryllup","og_description":"Legg bryllupet til historiske Elverum Folkeh\u00f8yskole. Vi hjelper deg med flotte selskapslokaler, mat, transport, overnatting, scene, lys, lyd og mye mer!","og_url":"https:\/\/elverumfhs.no\/tjenester\/selskaplokaler\/bryllup\/","og_site_name":"Elverum folkeh\u00f8gskole | Utleie og tjenester","article_modified_time":"2026-01-28T09:54:05+00:00","og_image":[{"width":1920,"height":1281,"url":"https:\/\/elverumfhs.no\/content\/uploads\/sites\/2\/2020\/09\/ElverumFHS_Tjenester_Bryllup_Fest_Selskapslokale__web.jpg","type":"image\/jpeg"}],"twitter_card":"summary_large_image","twitter_misc":{"Ansl. lesetid":"1 minutt"},"schema":{"@context":"https:\/\/schema.org","@graph":[{"@type":"WebPage","@id":"https:\/\/elverumfhs.no\/tjenester\/selskaplokaler\/bryllup\/","url":"https:\/\/elverumfhs.no\/tjenester\/selskaplokaler\/bryllup\/","name":"Elverum folkeh\u00f8gskole | Historiske bryllupslokaler \u2013\u00a0og alt fra mat til lyd.","isPartOf":{"@id":"https:\/\/elverumfhs.no\/tjenester\/#website"},"primaryImageOfPage":{"@id":"https:\/\/elverumfhs.no\/tjenester\/selskaplokaler\/bryllup\/#primaryimage"},"image":{"@id":"https:\/\/elverumfhs.no\/tjenester\/selskaplokaler\/bryllup\/#primaryimage"},"thumbnailUrl":"https:\/\/elverumfhs.no\/content\/uploads\/sites\/2\/2020\/09\/ElverumFHS_Tjenester_Bryllup_Fest_Selskapslokale__web.jpg","datePublished":"2020-06-15T12:11:52+00:00","dateModified":"2026-01-28T09:54:05+00:00","description":"Legg bryllupet til historiske Elverum Folkeh\u00f8yskole. Vi hjelper deg med flotte selskapslokaler, mat, transport, overnatting, scene, lys, lyd og mye mer!","breadcrumb":{"@id":"https:\/\/elverumfhs.no\/tjenester\/selskaplokaler\/bryllup\/#breadcrumb"},"inLanguage":"nb-NO","potentialAction":[{"@type":"ReadAction","target":["https:\/\/elverumfhs.no\/tjenester\/selskaplokaler\/bryllup\/"]}]},{"@type":"ImageObject","inLanguage":"nb-NO","@id":"https:\/\/elverumfhs.no\/tjenester\/selskaplokaler\/bryllup\/#primaryimage","url":"https:\/\/elverumfhs.no\/content\/uploads\/sites\/2\/2020\/09\/ElverumFHS_Tjenester_Bryllup_Fest_Selskapslokale__web.jpg","contentUrl":"https:\/\/elverumfhs.no\/content\/uploads\/sites\/2\/2020\/09\/ElverumFHS_Tjenester_Bryllup_Fest_Selskapslokale__web.jpg","width":1920,"height":1281,"caption":"Brudgom smiler i bryllup"},{"@type":"BreadcrumbList","@id":"https:\/\/elverumfhs.no\/tjenester\/selskaplokaler\/bryllup\/#breadcrumb","itemListElement":[{"@type":"ListItem","position":1,"name":"Home","item":"https:\/\/elverumfhs.no\/tjenester\/"},{"@type":"ListItem","position":2,"name":"Selskapslokaler","item":"https:\/\/elverumfhs.no\/tjenester\/selskaplokaler\/"},{"@type":"ListItem","position":3,"name":"Bryllup"}]},{"@type":"WebSite","@id":"https:\/\/elverumfhs.no\/tjenester\/#website","url":"https:\/\/elverumfhs.no\/tjenester\/","name":"Elverum folkeh\u00f8gskole | Utleie og tjenester","description":"Historiske rammer og gode priser","publisher":{"@id":"https:\/\/elverumfhs.no\/tjenester\/#organization"},"potentialAction":[{"@type":"SearchAction","target":{"@type":"EntryPoint","urlTemplate":"https:\/\/elverumfhs.no\/tjenester\/?s={search_term_string}"},"query-input":{"@type":"PropertyValueSpecification","valueRequired":true,"valueName":"search_term_string"}}],"inLanguage":"nb-NO"},{"@type":"Organization","@id":"https:\/\/elverumfhs.no\/tjenester\/#organization","name":"Elverum folkeh\u00f8gskole","url":"https:\/\/elverumfhs.no\/tjenester\/","logo":{"@type":"ImageObject","inLanguage":"nb-NO","@id":"https:\/\/elverumfhs.no\/tjenester\/#\/schema\/logo\/image\/","url":"https:\/\/elverumfhs.no\/content\/uploads\/sites\/2\/2020\/06\/logo.png","contentUrl":"https:\/\/elverumfhs.no\/content\/uploads\/sites\/2\/2020\/06\/logo.png","width":248,"height":55,"caption":"Elverum folkeh\u00f8gskole"},"image":{"@id":"https:\/\/elverumfhs.no\/tjenester\/#\/schema\/logo\/image\/"}}]}},"acf":[],"_links":{"self":[{"href":"https:\/\/elverumfhs.no\/tjenester\/wp-json\/wp\/v2\/pages\/26","targetHints":{"allow":["GET"]}}],"collection":[{"href":"https:\/\/elverumfhs.no\/tjenester\/wp-json\/wp\/v2\/pages"}],"about":[{"href":"https:\/\/elverumfhs.no\/tjenester\/wp-json\/wp\/v2\/types\/page"}],"author":[{"embeddable":true,"href":"https:\/\/elverumfhs.no\/tjenester\/wp-json\/wp\/v2\/users\/1"}],"replies":[{"embeddable":true,"href":"https:\/\/elverumfhs.no\/tjenester\/wp-json\/wp\/v2\/comments?post=26"}],"version-history":[{"count":5,"href":"https:\/\/elverumfhs.no\/tjenester\/wp-json\/wp\/v2\/pages\/26\/revisions"}],"predecessor-version":[{"id":483,"href":"https:\/\/elverumfhs.no\/tjenester\/wp-json\/wp\/v2\/pages\/26\/revisions\/483"}],"up":[{"embeddable":true,"href":"https:\/\/elverumfhs.no\/tjenester\/wp-json\/wp\/v2\/pages\/24"}],"wp:featuredmedia":[{"embeddable":true,"href":"https:\/\/elverumfhs.no\/tjenester\/wp-json\/wp\/v2\/media\/93"}],"wp:attachment":[{"href":"https:\/\/elverumfhs.no\/tjenester\/wp-json\/wp\/v2\/media?parent=26"}],"curies":[{"name":"wp","href":"https:\/\/api.w.org\/{rel}","templated":true}]}}